?
0
What is the tens digit of 7826056?
5
What is the thousands digit of 1837971?
7
What is the ten thousands digit of 396720?
9
What is the millions digit of 1499136?
1
What is the thousands digit of 13510?
3
What is the thousands digit of 358234?
8
What is the hundred thousands digit of 29497119?
4
What is the hundred thousands digit of 312558?
3
What is the thousands digit of 110593?
0
What is the hundreds digit of 3676980?
9
What is the tens digit of 25459904?
0
What is the thousands digit of 8385353?
5
What is the ten thousands digit of 898139?
9
What is the hundred thousands digit of 851270?
8
What is the hundred thousands digit of 754214?
7
What is the tens digit of 225513?
1
What is the thousands digit of 521358?
1
What is the tens digit of 2086895?
9
What is the hundred thousands digit of 257177?
2
What is the tens digit of 109200?
0
What is the tens digit of 3718834?
3
What is the thousands digit of 309543?
9
What is the thousands digit of 134391?
4
What is the ten millions digit of 36607713?
3
What is the thousands digit of 54174?
4
What is the hundred thousands digit of 680920?
6
What is the units digit of 6809526?
6
What is the ten thousands digit of 1823472?
2
What is the hundreds digit of 801357?
3
What is the units digit of 758571?
1
What is the hundreds digit of 3618421?
4
What is the hundred thousands digit of 779647?
7
What is the units digit of 318241?
1
What is the hundred thousands digit of 3067411?
0
What is the hundreds digit of 979956?
9
What is the hundred thousands digit of 29821664?
8
What is the hundred thousands digit of 30744760?
7
What is the millions digit of 1037187?
1
What is the hundreds digit of 65989?
9
What is the thousands digit of 1602222?
2
What is the hundred thousands digit of 35433456?
4
What is the millions digit of 1663691?
1
What is the ten millions digit of 15128033?
1
What is the units digit of 2818703?
3
What is the millions digit of 2202207?
2
What is the hundreds digit of 427485?
4
What is the tens digit of 275082?
8
What is the tens digit of 8263533?
3
What is the tens digit of 280384?
8
What is the ten thousands digit of 90216?
9
What is the tens digit of 15920872?
7
What is the tens digit of 3051550?
5
What is the units digit of 59940?
0
What is the millions digit of 3192492?
3
What is the ten thousands digit of 80766?
8
What is the hundred thousands digit of 156874?
1
What is the millions digit of 1206515?
1
What is the units digit of 3301622?
2
What is the units digit of 2550399?
9
What is the ten thousands digit of 1662545?
6
What is the ten thousands digit of 895630?
9
What is the hundred thousands digit of 29995766?
9
What is the units digit of 13822849?
9
What is the thousands digit of 612218?
2
What is the thousands digit of 11785404?
5
What is the units digit of 1825923?
3
What is the ten thousands digit of 306467?
0
What is the hundred thousands digit of 6633417?
6
What is the thousands digit of 11770003?
0
What is the tens digit of 284901?
0
What is the thousands digit of 1684862?
4
What is the hundreds digit of 2054613?
6
What is the hundred thousands digit of 7922565?
9
What is the hundred thousands digit of 2072524?
0
What is the units digit of 685330?
0
What is the hundred thousands digit of 248930?
2
What is the thousands digit of 25927928?
7
What is the thousands digit of 594217?
4
What is the ten thousands digit of 336625?
3
What is the hundred thousands digit of 2872973?
8
What is the thousands digit of 10983529?
3
What is the tens digit of 333002?
0
What is the thousands digit of 2803694?
3
What is the units digit of 337558?
8
What is the millions digit of 1805634?
1
What is the units digit of 96798?
8
What is the ten thousands digit of 745019?
4
What is the hundreds digit of 212388?
3
What is the ten thousands digit of 2465050?
6
What is the hundreds digit of 184681?
6
What is the tens digit of 4319846?
4
What is the hundreds digit of 946939?
9
What is the units digit of 8828696?
6
What is the hundred thousands digit of 884117?
8
What is the hundreds digit of 1703953?
9
What is the millions digit of 11948351?
1
What is the thousands digit of 459948?
9
What is the tens digit of 7915946?
4
What is the units digit of 7183354?
4
What is the units digit of 3803806?
6
What is the hundreds digit of 13674483?
4
What is the hundred thousands digit of 896268?
8
What is the millions digit of 9435616?
9
What is the ten thousands digit of 9234088?
3
What is the units digit of 226377?
7
What is the tens digit of 520509?
0
What is the hundreds digit of 24879?
8
What is the hundreds digit of 4873761?
7
What is the millions digit of 7573209?
7
What is the millions digit of 5876440?
5
What is the hundreds digit of 146313?
3
What is the units digit of 2779238?
8
What is the thousands digit of 81332?
1
What is the ten millions digit of 15196905?
1
What is the hundreds digit of 94121?
1
What is the hundreds digit of 5516527?
5
What is the hundreds digit of 3024786?
7
What is the hundreds digit of 399993?
9
What is the thousands digit of 391420?
1
What is the ten thousands digit of 326996?
2
What is the hundred thousands digit of 190395?
1
What is the hundred thousands digit of 7427549?
4
What is the tens digit of 1745591?
9
What is the thousands digit of 105509?
5
What is the tens digit of 818096?
9
What is the hundred thousands digit of 15162101?
1
What is the thousands digit of 1543684?
3
What is the tens digit of 159662?
6
What is the units digit of 1590266?
6
What is the units digit of 193029?
9
What is the tens digit of 32481?
8
What is the ten thousands digit of 11270832?
7
What is the units digit of 3464531?
1
What is the ten thousands digit of 13223978?
2
What is the hundreds digit of 72749?
7
What is the units digit of 104195?
5
What is the hundreds digit of 492150?
1
What is the hundred thousands digit of 461765?
4
What is the ten thousands digit of 43232058?
3
What is the thousands digit of 3885135?
5
What is the ten thousands digit of 4695581?
9
What is the ten thousands digit of 1952650?
5
What is the units digit of 255436?
6
What is the units digit of 318417?
7
What is the millions digit of 27379933?
7
What is the thousands digit of 466453?
6
What is the tens digit of 3747?
4
What is the hundreds digit of 3692655?
6
What is the units digit of 128785?
5
What is the units digit of 646325?
5
What is the hundreds digit of 4531074?
0
What is the ten thousands digit of 4776793?
7
What is the tens digit of 20125901?
0
What is the hundreds digit of 21162584?
5
What is the tens digit of 1782456?
5
What is the hundred thousands digit of 320929?
3
What is the hundreds digit of 54893?
8
What is the ten millions digit of 14558999?
1
What is the tens digit of 1042855?
5
What is the thousands digit of 751927?
1
What is the units digit of 115649?
9
What is the hundred thousands digit of 27508619?
5
What is the hundreds digit of 385688?
6
What is the hundred thousands digit of 15160872?
1
What is the hundreds digit of 1144906?
9
What is the tens digit of 317558?
5
What is the units digit of 1265502?
2
What is the ten thousands digit of 156446?
5
What is the hundreds digit of 239484?
4
What is the ten thousands digit of 328251?
2
What is the hundreds digit of 557443?
4
What is the hundreds digit of 4977885?
8
What is the ten thousands digit of 170010?
7
What is the hundreds digit of 389719?
7
What is the ten thousands digit of 45167?
4
What is the hundreds digit of 496378?
3
What is the millions digit of 26452518?
6
What is the ten thousands digit of 16127073?
2
What is the hundred thousands digit of 5523287?
5
What is the ten thousands digit of 255379?
5
What is the hundreds digit of 154112?
1
What is the ten thousands digit of 1134891?
3
What is the hundred thousands digit of 19640701?
6
What is the hundred thousands digit of 940762?
9
What is the hundred thousands digit of 1716235?
7
What is the thousands digit of 114093?
4
What is the units digit of 83244?
4
What is the tens digit of 8337126?
2
What is the hundred thousands digit of 20289053?
2
What is the hundreds digit of 17841464?
4
What is the hundred thousands digit of 12567052?
5
What is the ten thousands digit of 158940?
5
What is the hundred thousands digit of 1785289?
7
What is the hundreds digit of 129434?
4
What is the thous